{"id":2710,"date":"2020-03-23T21:37:08","date_gmt":"2020-03-24T01:37:08","guid":{"rendered":"http:\/\/charplexe.ca\/?page_id=2710"},"modified":"2020-10-06T11:30:22","modified_gmt":"2020-10-06T15:30:22","slug":"projet-rue-des-melezes-rosemere-zen-gd","status":"publish","type":"page","link":"http:\/\/charplexe.ca\/en\/projet-rue-des-melezes-rosemere-zen-gd\/","title":{"rendered":"ZEN GD"},"content":{"rendered":"<p>MAISON UNIFAMILIALE<\/p>\n<h3><\/h3>\n<h5><u>FA\u00c7ADE<\/u><\/h5>\n<p><a href=\"http:\/\/charplexe.ca\/wp-content\/uploads\/2020\/03\/Facade-garage-double-projet-Rosem\u00e8re-3SL.jpg\"><img loading=\"lazy\" decoding=\"async\" class=\"alignnone wp-image-2671 \" src=\"http:\/\/charplexe.ca\/wp-content\/uploads\/2020\/03\/Facade-garage-double-projet-Rosem\u00e8re-3SL.jpg\" alt=\"\" width=\"613\" height=\"330\" srcset=\"http:\/\/charplexe.ca\/wp-content\/uploads\/2020\/03\/Facade-garage-double-projet-Rosem\u00e8re-3SL.jpg 1193w, http:\/\/charplexe.ca\/wp-content\/uploads\/2020\/03\/Facade-garage-double-projet-Rosem\u00e8re-3SL-300x162.jpg 300w, http:\/\/charplexe.ca\/wp-content\/uploads\/2020\/03\/Facade-garage-double-projet-Rosem\u00e8re-3SL-1024x553.jpg 1024w, http:\/\/charplexe.ca\/wp-content\/uploads\/2020\/03\/Facade-garage-double-projet-Rosem\u00e8re-3SL-768x415.jpg 768w\" sizes=\"auto, (max-width: 613px) 100vw, 613px\" \/><\/a><\/p>\n<h5><\/h5>\n<h5><\/h5>\n<p style=\"font-weight: 400;\">Nous vous proposons le mod\u00e8le <strong>ZEN GARAGE DOUBLE<\/strong>, un superbe et grand cottage\u00a0de 44\u2019 de large X 38\u2019 de profond\u00a0qui fait plus de 2 717 pi2 de superficie habitable avec 3 chambres \u00e0 coucher et 2 salles de bain compl\u00e8tes \u00e0 l&#8217;\u00e9tage.<\/p>\n<p>Ce magnifique et confortable mod\u00e8le ZEN GD saura vous charmer avec sa vaste cuisine \u00e0 aire ouverte munie de nombreuses armoires et \u00eelot central donnant sur la salle familiale du rez-de-chauss\u00e9e.\u00a0 Un espace d\u00eenette, une salle de lavage et une pratique salle de bain, compl\u00e8tent bien cet \u00e9tage.<\/p>\n<p>Une grande salle familiale situ\u00e9e au-dessus du garage est tout indiqu\u00e9e pour votre famille avec son c\u00f4t\u00e9 pratique et chaleureux.<\/p>\n<p>Le niveau \u00e9tage est magnifique avec sa spacieuse chambre des ma\u00eetres qui inclut une grande salle de bain priv\u00e9e avec douche en c\u00e9ramique vitr\u00e9e et un grand et pratique walk-in.\u00a0 2 autres grandes chambres, un 2e walk-in et salle de bain compl\u00e8te termine cet \u00e9tage.<\/p>\n<p style=\"font-weight: 400;\"><u>Nos maisons offrent entre autres inclusions<\/u>:<\/p>\n<ul>\n<li style=\"font-weight: 400;\">Choix de couleur pour la finition ext\u00e9rieure (boiserie, vinyle et couverture) et pour l&#8217;int\u00e9rieur (c\u00e9ramique, planchers et armoires).<\/li>\n<li style=\"font-weight: 400;\">Syst\u00e8me central \u00e0 air chaud, thermopompe A\/C, \u00e9changeur d&#8217;air r\u00e9cup\u00e9rateur de chaleur, r\u00e9servoir \u00e0 eau chaude de 60 gallons, entr\u00e9e \u00e9lectrique de 200 amp\u00e8res.<\/li>\n<li style=\"font-weight: 400;\">Grande chambre des ma\u00eetres avec salle de bain priv\u00e9e incluant deux lavabos, douche ind\u00e9pendante en c\u00e9ramique avec portes vitr\u00e9es et baignoire.<\/li>\n<li style=\"font-weight: 400;\">Grande cuisine \u00e0 aire ouverte avec comptoirs et \u00eelot en Quartz, \u00e9vier double encastr\u00e9, armoires lustr\u00e9es et dosseret de c\u00e9ramique.<\/li>\n<li style=\"font-weight: 400;\">Planchers et escaliers de bois franc avec choix de couleur aux niveaux rez-de-chauss\u00e9e et \u00e9tage, les rampes d&#8217;escalier sont de bois et m\u00e9tal.\u00a0 Portes et boiseries int\u00e9rieures finition ZEN.<\/li>\n<li style=\"font-weight: 400;\">Drains pour douche, toilette et lavabo en place au sous-sol, robinetterie, lavabo, baignoire ZEN.<\/li>\n<li style=\"font-weight: 400;\">Pr\u00e9filage pour c\u00e2ble, t\u00e9l\u00e9phone et alarme. Tuyauterie pour aspirateur central dans les murs sur les 3 \u00e9tages.<\/li>\n<li style=\"font-weight: 400;\">Le tr\u00e8s grand sous-sol et le garage double compl\u00e8tent bien cette tr\u00e8s belle maison!<\/li>\n<\/ul>\n<h5><u>GALERIE<\/u><\/h5>\n<p><a href=\"http:\/\/charplexe.ca\/wp-content\/uploads\/2020\/03\/Facade-garage-double-projet-Rosem\u00e8re-3SL.jpg\"><img loading=\"lazy\" decoding=\"async\" class=\"alignleft wp-image-2671\" src=\"http:\/\/charplexe.ca\/wp-content\/uploads\/2020\/03\/Facade-garage-double-projet-Rosem\u00e8re-3SL-300x162.jpg\" alt=\"\" width=\"463\" height=\"250\" srcset=\"http:\/\/charplexe.ca\/wp-content\/uploads\/2020\/03\/Facade-garage-double-projet-Rosem\u00e8re-3SL-300x162.jpg 300w, http:\/\/charplexe.ca\/wp-content\/uploads\/2020\/03\/Facade-garage-double-projet-Rosem\u00e8re-3SL-1024x553.jpg 1024w, http:\/\/charplexe.ca\/wp-content\/uploads\/2020\/03\/Facade-garage-double-projet-Rosem\u00e8re-3SL-768x415.jpg 768w, http:\/\/charplexe.ca\/wp-content\/uploads\/2020\/03\/Facade-garage-double-projet-Rosem\u00e8re-3SL.jpg 1193w\" sizes=\"auto, (max-width: 463px) 100vw, 463px\" \/><\/a> <a href=\"http:\/\/charplexe.ca\/wp-content\/uploads\/2020\/03\/Facade-garage-double-projet-Rosem\u00e8re-e1585010033827.jpg\"><img loading=\"lazy\" decoding=\"async\" class=\"alignright wp-image-2669\" src=\"http:\/\/charplexe.ca\/wp-content\/uploads\/2020\/03\/Facade-garage-double-projet-Rosem\u00e8re-e1585010033827-300x151.jpg\" alt=\"\" width=\"498\" height=\"250\" srcset=\"http:\/\/charplexe.ca\/wp-content\/uploads\/2020\/03\/Facade-garage-double-projet-Rosem\u00e8re-e1585010033827-300x151.jpg 300w, http:\/\/charplexe.ca\/wp-content\/uploads\/2020\/03\/Facade-garage-double-projet-Rosem\u00e8re-e1585010033827-1024x514.jpg 1024w, http:\/\/charplexe.ca\/wp-content\/uploads\/2020\/03\/Facade-garage-double-projet-Rosem\u00e8re-e1585010033827-768x386.jpg 768w, http:\/\/charplexe.ca\/wp-content\/uploads\/2020\/03\/Facade-garage-double-projet-Rosem\u00e8re-e1585010033827.jpg 1189w\" sizes=\"auto, (max-width: 498px) 100vw, 498px\" \/><\/a><\/p>\n<h5><strong><u>PLANS PLANCHERS<\/u><\/strong><\/h5>\n<p><a href=\"http:\/\/charplexe.ca\/wp-content\/uploads\/2020\/03\/66520-01_Gab-et-Charplexe_Zen_RDC-PP-v2-e1585010067658.jpg\"><img loading=\"lazy\" decoding=\"async\" class=\"wp-image-2667 alignleft\" src=\"http:\/\/charplexe.ca\/wp-content\/uploads\/2020\/03\/66520-01_Gab-et-Charplexe_Zen_RDC-PP-v2-e1585010067658.jpg\" alt=\"\" width=\"400\" height=\"430\" srcset=\"http:\/\/charplexe.ca\/wp-content\/uploads\/2020\/03\/66520-01_Gab-et-Charplexe_Zen_RDC-PP-v2-e1585010067658.jpg 2000w, http:\/\/charplexe.ca\/wp-content\/uploads\/2020\/03\/66520-01_Gab-et-Charplexe_Zen_RDC-PP-v2-e1585010067658-279x300.jpg 279w, http:\/\/charplexe.ca\/wp-content\/uploads\/2020\/03\/66520-01_Gab-et-Charplexe_Zen_RDC-PP-v2-e1585010067658-952x1024.jpg 952w, http:\/\/charplexe.ca\/wp-content\/uploads\/2020\/03\/66520-01_Gab-et-Charplexe_Zen_RDC-PP-v2-e1585010067658-768x826.jpg 768w, http:\/\/charplexe.ca\/wp-content\/uploads\/2020\/03\/66520-01_Gab-et-Charplexe_Zen_RDC-PP-v2-e1585010067658-1428x1536.jpg 1428w, http:\/\/charplexe.ca\/wp-content\/uploads\/2020\/03\/66520-01_Gab-et-Charplexe_Zen_RDC-PP-v2-e1585010067658-1903x2048.jpg 1903w\" sizes=\"auto, (max-width: 400px) 100vw, 400px\" \/><\/a><\/p>\n<p><a href=\"http:\/\/charplexe.ca\/wp-content\/uploads\/2020\/03\/66520-01_Gab-et-Charplexe_Zen_Etage-PP-e1585010082694.jpg\"><img loading=\"lazy\" decoding=\"async\" class=\"wp-image-2666 alignright\" src=\"http:\/\/charplexe.ca\/wp-content\/uploads\/2020\/03\/66520-01_Gab-et-Charplexe_Zen_Etage-PP-e1585010082694.jpg\" alt=\"\" width=\"400\" height=\"431\" srcset=\"http:\/\/charplexe.ca\/wp-content\/uploads\/2020\/03\/66520-01_Gab-et-Charplexe_Zen_Etage-PP-e1585010082694.jpg 2000w, http:\/\/charplexe.ca\/wp-content\/uploads\/2020\/03\/66520-01_Gab-et-Charplexe_Zen_Etage-PP-e1585010082694-278x300.jpg 278w, http:\/\/charplexe.ca\/wp-content\/uploads\/2020\/03\/66520-01_Gab-et-Charplexe_Zen_Etage-PP-e1585010082694-949x1024.jpg 949w, http:\/\/charplexe.ca\/wp-content\/uploads\/2020\/03\/66520-01_Gab-et-Charplexe_Zen_Etage-PP-e1585010082694-768x828.jpg 768w, http:\/\/charplexe.ca\/wp-content\/uploads\/2020\/03\/66520-01_Gab-et-Charplexe_Zen_Etage-PP-e1585010082694-1424x1536.jpg 1424w, http:\/\/charplexe.ca\/wp-content\/uploads\/2020\/03\/66520-01_Gab-et-Charplexe_Zen_Etage-PP-e1585010082694-1899x2048.jpg 1899w\" sizes=\"auto, (max-width: 400px) 100vw, 400px\" \/><\/a><\/p>\n<h5><\/h5>\n<h5><\/h5>\n<h5><\/h5>\n<h5><a href=\"http:\/\/charplexe.ca\/wp-content\/uploads\/2020\/03\/66520-01_Gab-et-Charplexe_Zen_Sous-Sol-Vide-PP-002-e1585010052569.jpg\"><img loading=\"lazy\" decoding=\"async\" class=\"aligncenter wp-image-2668\" src=\"http:\/\/charplexe.ca\/wp-content\/uploads\/2020\/03\/66520-01_Gab-et-Charplexe_Zen_Sous-Sol-Vide-PP-002-e1585010052569.jpg\" alt=\"\" width=\"400\" height=\"433\" srcset=\"http:\/\/charplexe.ca\/wp-content\/uploads\/2020\/03\/66520-01_Gab-et-Charplexe_Zen_Sous-Sol-Vide-PP-002-e1585010052569.jpg 2000w, http:\/\/charplexe.ca\/wp-content\/uploads\/2020\/03\/66520-01_Gab-et-Charplexe_Zen_Sous-Sol-Vide-PP-002-e1585010052569-277x300.jpg 277w, http:\/\/charplexe.ca\/wp-content\/uploads\/2020\/03\/66520-01_Gab-et-Charplexe_Zen_Sous-Sol-Vide-PP-002-e1585010052569-947x1024.jpg 947w, http:\/\/charplexe.ca\/wp-content\/uploads\/2020\/03\/66520-01_Gab-et-Charplexe_Zen_Sous-Sol-Vide-PP-002-e1585010052569-768x831.jpg 768w, http:\/\/charplexe.ca\/wp-content\/uploads\/2020\/03\/66520-01_Gab-et-Charplexe_Zen_Sous-Sol-Vide-PP-002-e1585010052569-1420x1536.jpg 1420w, http:\/\/charplexe.ca\/wp-content\/uploads\/2020\/03\/66520-01_Gab-et-Charplexe_Zen_Sous-Sol-Vide-PP-002-e1585010052569-1894x2048.jpg 1894w\" sizes=\"auto, (max-width: 400px) 100vw, 400px\" \/><\/a><\/h5>\n<h5><strong><u>INFORMATIONS<\/u><\/strong><\/h5>\n<p style=\"font-weight: 400;\"><u>Pour de plus amples informations, contactez un de nos repr\u00e9sentants<\/u>\u00a0:<\/p>\n<p style=\"font-weight: 400;\">Par t\u00e9l\u00e9phone\u00a0:\u00a0 514-461-1200<\/p>\n<p style=\"font-weight: 400;\">Ou par courriel\u00a0:\u00a0<a href=\"mailto:jgaudet@charplexe.ca\">jgaudet@charplexe.ca<\/a><\/p>\n","protected":false},"excerpt":{"rendered":"<p>MAISON UNIFAMILIALE FA\u00c7ADE Nous vous proposons le mod\u00e8le ZEN GARAGE DOUBLE, un superbe et grand cottage\u00a0de 44\u2019 de large X 38\u2019 de profond\u00a0qui fait plus de 2 717 pi2 de superficie habitable avec 3 chambres \u00e0 coucher et 2 salles de bain compl\u00e8tes \u00e0 l&#8217;\u00e9tage. Ce magnifique et confortable mod\u00e8le ZEN GD saura vous charmer [&hellip;]<\/p>\n","protected":false},"author":8,"featured_media":0,"parent":0,"menu_order":0,"comment_status":"closed","ping_status":"closed","template":"","meta":{"footnotes":""},"class_list":["post-2710","page","type-page","status-publish","hentry"],"translation":{"provider":"WPGlobus","version":"3.0.2","language":"en","enabled_languages":["fr","en"],"languages":{"fr":{"title":true,"content":true,"excerpt":false},"en":{"title":false,"content":false,"excerpt":false}}},"_links":{"self":[{"href":"http:\/\/charplexe.ca\/en\/wp-json\/wp\/v2\/pages\/2710","targetHints":{"allow":["GET"]}}],"collection":[{"href":"http:\/\/charplexe.ca\/en\/wp-json\/wp\/v2\/pages"}],"about":[{"href":"http:\/\/charplexe.ca\/en\/wp-json\/wp\/v2\/types\/page"}],"author":[{"embeddable":true,"href":"http:\/\/charplexe.ca\/en\/wp-json\/wp\/v2\/users\/8"}],"replies":[{"embeddable":true,"href":"http:\/\/charplexe.ca\/en\/wp-json\/wp\/v2\/comments?post=2710"}],"version-history":[{"count":5,"href":"http:\/\/charplexe.ca\/en\/wp-json\/wp\/v2\/pages\/2710\/revisions"}],"predecessor-version":[{"id":3092,"href":"http:\/\/charplexe.ca\/en\/wp-json\/wp\/v2\/pages\/2710\/revisions\/3092"}],"wp:attachment":[{"href":"http:\/\/charplexe.ca\/en\/wp-json\/wp\/v2\/media?parent=2710"}],"curies":[{"name":"wp","href":"https:\/\/api.w.org\/{rel}","templated":true}]}}

<p>MAISON UNIFAMILIALE</p>
<h3></h3>
<h5><u>FAÇADE</u></h5>
<p><a href="http://charplexe.ca/wp-content/uploads/2020/03/Facade-garage-double-projet-Rosemère-3SL.jpg"><img loading="lazy" decoding="async" class="alignnone wp-image-2671 " src="http://charplexe.ca/wp-content/uploads/2020/03/Facade-garage-double-projet-Rosemère-3SL.jpg" alt="" width="613" height="330" srcset="http://charplexe.ca/wp-content/uploads/2020/03/Facade-garage-double-projet-Rosemère-3SL.jpg 1193w, http://charplexe.ca/wp-content/uploads/2020/03/Facade-garage-double-projet-Rosemère-3SL-300x162.jpg 300w, http://charplexe.ca/wp-content/uploads/2020/03/Facade-garage-double-projet-Rosemère-3SL-1024x553.jpg 1024w, http://charplexe.ca/wp-content/uploads/2020/03/Facade-garage-double-projet-Rosemère-3SL-768x415.jpg 768w" sizes="auto, (max-width: 613px) 100vw, 613px" /></a></p>
<h5></h5>
<h5></h5>
<p style="font-weight: 400;">Nous vous proposons le modèle <strong>ZEN GARAGE DOUBLE</strong>, un superbe et grand cottage de 44’ de large X 38’ de profond qui fait plus de 2 717 pi2 de superficie habitable avec 3 chambres à coucher et 2 salles de bain complètes à l&#8217;étage.</p>
<p>Ce magnifique et confortable modèle ZEN GD saura vous charmer avec sa vaste cuisine à aire ouverte munie de nombreuses armoires et îlot central donnant sur la salle familiale du rez-de-chaussée.  Un espace dînette, une salle de lavage et une pratique salle de bain, complètent bien cet étage.</p>
<p>Une grande salle familiale située au-dessus du garage est tout indiquée pour votre famille avec son côté pratique et chaleureux.</p>
<p>Le niveau étage est magnifique avec sa spacieuse chambre des maîtres qui inclut une grande salle de bain privée avec douche en céramique vitrée et un grand et pratique walk-in.  2 autres grandes chambres, un 2e walk-in et salle de bain complète termine cet étage.</p>
<p style="font-weight: 400;"><u>Nos maisons offrent entre autres inclusions</u>:</p>
<ul>
<li style="font-weight: 400;">Choix de couleur pour la finition extérieure (boiserie, vinyle et couverture) et pour l&#8217;intérieur (céramique, planchers et armoires).</li>
<li style="font-weight: 400;">Système central à air chaud, thermopompe A/C, échangeur d&#8217;air récupérateur de chaleur, réservoir à eau chaude de 60 gallons, entrée électrique de 200 ampères.</li>
<li style="font-weight: 400;">Grande chambre des maîtres avec salle de bain privée incluant deux lavabos, douche indépendante en céramique avec portes vitrées et baignoire.</li>
<li style="font-weight: 400;">Grande cuisine à aire ouverte avec comptoirs et îlot en Quartz, évier double encastré, armoires lustrées et dosseret de céramique.</li>
<li style="font-weight: 400;">Planchers et escaliers de bois franc avec choix de couleur aux niveaux rez-de-chaussée et étage, les rampes d&#8217;escalier sont de bois et métal.  Portes et boiseries intérieures finition ZEN.</li>
<li style="font-weight: 400;">Drains pour douche, toilette et lavabo en place au sous-sol, robinetterie, lavabo, baignoire ZEN.</li>
<li style="font-weight: 400;">Préfilage pour câble, téléphone et alarme. Tuyauterie pour aspirateur central dans les murs sur les 3 étages.</li>
<li style="font-weight: 400;">Le très grand sous-sol et le garage double complètent bien cette très belle maison!</li>
</ul>
<h5><u>GALERIE</u></h5>
<p><a href="http://charplexe.ca/wp-content/uploads/2020/03/Facade-garage-double-projet-Rosemère-3SL.jpg"><img loading="lazy" decoding="async" class="alignleft wp-image-2671" src="http://charplexe.ca/wp-content/uploads/2020/03/Facade-garage-double-projet-Rosemère-3SL-300x162.jpg" alt="" width="463" height="250" srcset="http://charplexe.ca/wp-content/uploads/2020/03/Facade-garage-double-projet-Rosemère-3SL-300x162.jpg 300w, http://charplexe.ca/wp-content/uploads/2020/03/Facade-garage-double-projet-Rosemère-3SL-1024x553.jpg 1024w, http://charplexe.ca/wp-content/uploads/2020/03/Facade-garage-double-projet-Rosemère-3SL-768x415.jpg 768w, http://charplexe.ca/wp-content/uploads/2020/03/Facade-garage-double-projet-Rosemère-3SL.jpg 1193w" sizes="auto, (max-width: 463px) 100vw, 463px" /></a> <a href="http://charplexe.ca/wp-content/uploads/2020/03/Facade-garage-double-projet-Rosemère-e1585010033827.jpg"><img loading="lazy" decoding="async" class="alignright wp-image-2669" src="http://charplexe.ca/wp-content/uploads/2020/03/Facade-garage-double-projet-Rosemère-e1585010033827-300x151.jpg" alt="" width="498" height="250" srcset="http://charplexe.ca/wp-content/uploads/2020/03/Facade-garage-double-projet-Rosemère-e1585010033827-300x151.jpg 300w, http://charplexe.ca/wp-content/uploads/2020/03/Facade-garage-double-projet-Rosemère-e1585010033827-1024x514.jpg 1024w, http://charplexe.ca/wp-content/uploads/2020/03/Facade-garage-double-projet-Rosemère-e1585010033827-768x386.jpg 768w, http://charplexe.ca/wp-content/uploads/2020/03/Facade-garage-double-projet-Rosemère-e1585010033827.jpg 1189w" sizes="auto, (max-width: 498px) 100vw, 498px" /></a></p>
<h5><strong><u>PLANS PLANCHERS</u></strong></h5>
<p><a href="http://charplexe.ca/wp-content/uploads/2020/03/66520-01_Gab-et-Charplexe_Zen_RDC-PP-v2-e1585010067658.jpg"><img loading="lazy" decoding="async" class="wp-image-2667 alignleft" src="http://charplexe.ca/wp-content/uploads/2020/03/66520-01_Gab-et-Charplexe_Zen_RDC-PP-v2-e1585010067658.jpg" alt="" width="400" height="430" srcset="http://charplexe.ca/wp-content/uploads/2020/03/66520-01_Gab-et-Charplexe_Zen_RDC-PP-v2-e1585010067658.jpg 2000w, http://charplexe.ca/wp-content/uploads/2020/03/66520-01_Gab-et-Charplexe_Zen_RDC-PP-v2-e1585010067658-279x300.jpg 279w, http://charplexe.ca/wp-content/uploads/2020/03/66520-01_Gab-et-Charplexe_Zen_RDC-PP-v2-e1585010067658-952x1024.jpg 952w, http://charplexe.ca/wp-content/uploads/2020/03/66520-01_Gab-et-Charplexe_Zen_RDC-PP-v2-e1585010067658-768x826.jpg 768w, http://charplexe.ca/wp-content/uploads/2020/03/66520-01_Gab-et-Charplexe_Zen_RDC-PP-v2-e1585010067658-1428x1536.jpg 1428w, http://charplexe.ca/wp-content/uploads/2020/03/66520-01_Gab-et-Charplexe_Zen_RDC-PP-v2-e1585010067658-1903x2048.jpg 1903w" sizes="auto, (max-width: 400px) 100vw, 400px" /></a></p>
<p><a href="http://charplexe.ca/wp-content/uploads/2020/03/66520-01_Gab-et-Charplexe_Zen_Etage-PP-e1585010082694.jpg"><img loading="lazy" decoding="async" class="wp-image-2666 alignright" src="http://charplexe.ca/wp-content/uploads/2020/03/66520-01_Gab-et-Charplexe_Zen_Etage-PP-e1585010082694.jpg" alt="" width="400" height="431" srcset="http://charplexe.ca/wp-content/uploads/2020/03/66520-01_Gab-et-Charplexe_Zen_Etage-PP-e1585010082694.jpg 2000w, http://charplexe.ca/wp-content/uploads/2020/03/66520-01_Gab-et-Charplexe_Zen_Etage-PP-e1585010082694-278x300.jpg 278w, http://charplexe.ca/wp-content/uploads/2020/03/66520-01_Gab-et-Charplexe_Zen_Etage-PP-e1585010082694-949x1024.jpg 949w, http://charplexe.ca/wp-content/uploads/2020/03/66520-01_Gab-et-Charplexe_Zen_Etage-PP-e1585010082694-768x828.jpg 768w, http://charplexe.ca/wp-content/uploads/2020/03/66520-01_Gab-et-Charplexe_Zen_Etage-PP-e1585010082694-1424x1536.jpg 1424w, http://charplexe.ca/wp-content/uploads/2020/03/66520-01_Gab-et-Charplexe_Zen_Etage-PP-e1585010082694-1899x2048.jpg 1899w" sizes="auto, (max-width: 400px) 100vw, 400px" /></a></p>
<h5></h5>
<h5></h5>
<h5></h5>
<h5><a href="http://charplexe.ca/wp-content/uploads/2020/03/66520-01_Gab-et-Charplexe_Zen_Sous-Sol-Vide-PP-002-e1585010052569.jpg"><img loading="lazy" decoding="async" class="aligncenter wp-image-2668" src="http://charplexe.ca/wp-content/uploads/2020/03/66520-01_Gab-et-Charplexe_Zen_Sous-Sol-Vide-PP-002-e1585010052569.jpg" alt="" width="400" height="433" srcset="http://charplexe.ca/wp-content/uploads/2020/03/66520-01_Gab-et-Charplexe_Zen_Sous-Sol-Vide-PP-002-e1585010052569.jpg 2000w, http://charplexe.ca/wp-content/uploads/2020/03/66520-01_Gab-et-Charplexe_Zen_Sous-Sol-Vide-PP-002-e1585010052569-277x300.jpg 277w, http://charplexe.ca/wp-content/uploads/2020/03/66520-01_Gab-et-Charplexe_Zen_Sous-Sol-Vide-PP-002-e1585010052569-947x1024.jpg 947w, http://charplexe.ca/wp-content/uploads/2020/03/66520-01_Gab-et-Charplexe_Zen_Sous-Sol-Vide-PP-002-e1585010052569-768x831.jpg 768w, http://charplexe.ca/wp-content/uploads/2020/03/66520-01_Gab-et-Charplexe_Zen_Sous-Sol-Vide-PP-002-e1585010052569-1420x1536.jpg 1420w, http://charplexe.ca/wp-content/uploads/2020/03/66520-01_Gab-et-Charplexe_Zen_Sous-Sol-Vide-PP-002-e1585010052569-1894x2048.jpg 1894w" sizes="auto, (max-width: 400px) 100vw, 400px" /></a></h5>
<h5><strong><u>INFORMATIONS</u></strong></h5>
<p style="font-weight: 400;"><u>Pour de plus amples informations, contactez un de nos représentants</u> :</p>
<p style="font-weight: 400;">Par téléphone :  514-461-1200</p>
<p style="font-weight: 400;">Ou par courriel : <a href="mailto:jgaudet@charplexe.ca">jgaudet@charplexe.ca</a></p>

<p>MAISON UNIFAMILIALE FAÇADE Nous vous proposons le modèle ZEN GARAGE DOUBLE, un superbe et grand cottage de 44’ de large X 38’ de profond qui fait plus de 2 717 pi2 de superficie habitable avec 3 chambres à coucher et 2 salles de bain complètes à l&#8217;étage. Ce magnifique et confortable modèle ZEN GD saura vous charmer [&hellip;]</p>
